e
Suppose -4*l = -a - 12, -3*l = -a + 5*a - 47. Is ((-20)/a)/((-1)/34) composite?
True
Let t(b) = b**3 + 12*b**2 + 9*b - 18. Let s be t(-11). Suppose s*i + 447 - 4003 = 0. Is i prime?
False
Let b be (-18)/3 - -3 - 11. Let x = b + 11. Is (58 + x)/(4 + -3) a composite number?
True
Suppose 8*w = 24*w - 105328. Is w a composite number?
True
Is -157 - -26312 - (5 + 1) a prime number?
False
Suppose -11*r = 30 + 47. Let i(t) = 15*t**2 - 14*t - 52. Is i(r) prime?
False
Suppose 0 = 5*i - 5, t + 11*i = 9*i + 1191. Is t composite?
True
Let b(f) = f**2 + 16*f - 17. Let a = -16 + -1. Let o be b(a). Suppose o*w + 5*y = 3*w - 428, 2*y = -4*w + 562. Is w a prime number?
False
Let r(s) = s**2 - 8*s + 10. Let i be 108/(-45)*20/(-6). Let t be r(i). Suppose -5*k + 4*m + 20 = -87, k + 3*m - t = 0. Is k composite?
False
Let q = 1804 - -169. Is q a prime number?
True
Suppose 225 - 49 = 2*r - 2*d, -3*d - 173 = -2*r. Suppose 49 = x - 2*x - 5*k, 5*x + 266 = -4*k. Let j = r + x. Is j prime?
True
Suppose 2*a - 60 = 2*g - 22, g - 2*a = -24. Let r be (-52)/g + (-6)/(-21). Suppose 2*p + 2*p = -3*b + 923, -r*p = 4*b - 1228. Is b a prime number?
False
Suppose -4*f - 47 = -5*f. Let j be 4*f - (-2)/(-1). Let k = j - 59. Is k a composite number?
False
Is (2242/19)/(0 + 2) prime?
True
Suppose 3*y = 4*o + 33433, 2*y - 15065 - 7218 = -3*o. Is y prime?
False
Let j be (-6)/2 + (11 - 8). Suppose -4*m = -3*k + 1671, -1671 = -3*k + 3*m - j*m. Is k composite?
False
Let x(l) = 9 - 1 + 75*l + 1 + 17. Is x(9) a prime number?
True
Let j(o) = 1782*o**2 + 12*o + 7. Is j(-1) a composite number?
False
Let s = -24 + 26. Suppose s = -q, -2*q = -3*n - 0*q + 8005. Suppose 0 = 22*i - 19*i - n. Is i a prime number?
False
Suppose -3*d + 3907 = 5*c - 0*d, 3*d - 12 = 0. Let h = 1548 - c. Is h prime?
True
Let d = 8 - 1. Let f = -121 + 25. Let g = d - f. Is g prime?
True
Suppose 3*o = 8*o - 5. Suppose 5*c = -u + 8290, u - o - 4 = 0. Is c a prime number?
True
Suppose -5*z = 3*h - z + 20, -2*h + 3*z = -15. Suppose -7*t + h*t + 1253 = 0. Is t a prime number?
True
Let i be 2/(-5) + (-462)/(-55). Let v = i - 6. Suppose -268 = -2*a - v*a. Is a composite?
False
Suppose 5*l + g - 29 = 0, -2*g + 20 = 3*g. Suppose -5*f = -2*y + 1783, l*y - 4*f + 6*f - 4443 = 0. Is y a composite number?
True
Suppose o = 96 + 4. Is 204520/o - (-1)/(-5) a prime number?
False
Let z be (5 + -6)/((-3)/(-3))*-4. Suppose z*n - 18552 + 5660 = 0. Is n composite?
True
Let a = -8690 + 20173. Is a a composite number?
False
Let n(v) = -v**3 + 22*v**2 + 27*v - 35. Let m(y) = -y**3 + y**2 - 6*y - 5. Let i be m(-2). Is n(i) composite?
True
Is (5179/3 - -4)*3 a prime number?
False
Suppose 4*j + 2 = -2, -4*v - 146970 = 2*j. Is (-3)/(-18) + v/(-12) - 1 prime?
True
Suppose 2*s = g - 1804, 5*s + 5*g - 814 = -5294. Is -1 + s/(-2) - (-1 + 3) composite?
True
Let g = 56 - 28. Let m be g/15 + 2/15. Suppose 3*i - 3*k - 414 = 0, -m*k + 111 = i - 15. Is i composite?
True
Let h be ((-44)/(-10))/((-7)/(-385)). Suppose -3*o - 4*s = 397, -2*o - h - 22 = 2*s. Let l = o + 294. Is l prime?
True
Suppose 5490 - 1682 = -8*i. Is (i/(-20))/(2/10) a composite number?
True
Let u(n) be the third derivative of -5*n**4/24 - 2*n**3 + 4*n**2. Let d be u(10). Let a = d - -105. Is a a composite number?
False
Let n be (-4)/2*1*-2. Let s = 93 + -71. Let t = n + s. Is t composite?
True
Let a(i) = -20*i - 6. Suppose c - 5*g = -12, 5*g = -c + 2*g + 12. Suppose s = c*s + 10. Is a(s) a composite number?
True
Let m(g) = 125*g + 202. Is m(33) prime?
True
Is (11 - 8/1)*3889 composite?
True
Suppose 40 = 5*m - r, 2*r - 3 + 34 = 3*m. Is (-1*37)/(m - 8) a prime number?
True
Let k = -22 + 620. Suppose 0 = -4*s + 2*z + k + 1236, 454 = s - 2*z. Suppose -5*a + 5*r + 40 = -s, 0 = -5*a - r + 482. Is a composite?
False
Suppose -4*n + 2562 = -1914. Suppose -4 = v - 8. Suppose v*r + 275 = n. Is r a prime number?
True
Let d(o) = 3*o - 40. Let a be d(22). Suppose -30*n + 1004 = -a*n. Is n a composite number?
False
Suppose -3*o + 3*j + 15153 = 0, -5*o + 19392 = j - 5863. Is o composite?
False
Suppose 4*v - 16 = 0, 2*n - 3*v = 4*n - 16. Suppose 0*g - 2*g + 2*z = -16, -2*g = n*z - 12. Is g prime?
True
Suppose -5*z + 5*x = -18605, -x - 7021 = -4*z + 7857. Is z prime?
True
Let b = -39 - -30. Let o(k) = -39*k - 4. Is o(b) a composite number?
False
Let c = -8 + 21. Let w = c - 7. Let p(n) = n**3 - 2*n**2 + 7*n + 1. Is p(w) a prime number?
False
Suppose 0*m - 5*m - 2250 = 2*j, -4*m - 16 = 0. Let b = j - -1734. Is b a composite number?
False
Let s(m) = 6*m**2 - 22*m + 61. Is s(-28) composite?
False
Suppose -b + 9 = 6. Suppose 2263 = 3*s - 2*m, b*s = 5*m - 0*m + 2269. Is s a composite number?
True
Suppose 21*l - 1035244 = -7*l. Is l composite?
False
Let l be ((-1)/3)/(1 + 65/(-60)). Is (-10)/5 + l + (-2 - -727) composite?
False
Let t = 23 - 19. Suppose -t*l = -13 - 31. Let d(b) = 44*b + 15. Is d(l) composite?
False
Let f(o) = -o - 1. Let c(n) = -n**2 + 18*n + 8. Let w(j) = c(j) - 6*f(j). Let s = -36 - -51. Is w(s) a prime number?
True
Suppose -2*k + 12 = 4. Let q be (31/k)/(9/(-36)). Let z = 44 + q. Is z prime?
True
Suppose 11*w - 3548 = 7*w + 2*p, 0 = 5*p. Is w composite?
False
Let x(m) = m**3 + 11*m**2 - 12*m + 3. Let j be x(-12). Suppose j*g + g = 124. Suppose -3*f + 2*f = -g. Is f prime?
True
Let l be -2*5/2*-1. Suppose 4*t + 8 = 0, 3*o - 4 - 1 = -l*t. Suppose -a = o*h - 1230, 4*a - h - 5437 = -412. Is a composite?
True
Let o(j) = 7*j + 2. Let g be o(1). Let i(c) = 2*c**2 - 6*c + 5. Is i(g) prime?
True
Suppose -m + 19959 = 2*t, -m + 9149 = 5*t - 40741. Is t composite?
True
Let q be (-2)/8 - 15/20. Let v = q + 5. Is ((-2700)/(-5))/v + 4 prime?
True
Is (-268)/2546 - (1 + (-1153988)/38) composite?
False
Let p = -7204 - -20180. Let l = p - -8. Is l/(-16)*4/(-6) a composite number?
False
Let x(i) = -i + 1187 - 2*i + 3*i + i + 2*i**2. Is x(0) a prime number?
True
Let i(v) = 6*v**2 - 30*v - 43. Is i(-13) a prime number?
True
Let a(r) = 2*r**3 + 4*r**2 - r. Let d be a(-3). Let y be 4/(-3) + (-5)/d. Is 53 + (-1 + y - -4) prime?
False
Is (-11 - -21) + -11 + (3820 - -2) a prime number?
True
Suppose 7*r - 7217 + 1974 = 0. Is r a composite number?
True
Let c(h) = -2*h + 17. Let w be c(9). Is (-2 + 5 + w)*(-689)/(-26) a prime number?
True
Let l = 31 + -29. Suppose -1950 = -l*a + 1364. Is a composite?
False
Suppose 0 = -9*y - 23649 + 113442. Is y a composite number?
True
Suppose 0 = -3*z + 831 + 2100. Is z composite?
False
Let x be 34/4*1*2. Let y = x - 15. Suppose m = y*m - 235. Is m a composite number?
True
Let y(j) = 3*j**2 - 10*j - 1. Let w(m) = -m**3 + 8*m**2 - 17*m - 2. Let c be w(5). Is y(c) a composite number?
True
Let x be 17 + 0 + 5 + -2. Let f = -16 + x. Suppose 0 = -4*a + i + 2489, -f*a + 5*i = -0*a - 2477. Is a composite?
True
Let l(a) = -a**2 - 5*a + 6. Let k be l(-6). Let y be (4 - 6)*(-1 + 0). Suppose k = -y*b + 203 + 407. Is b composite?
True
Let s be (-6 - -4)*(-2 - 0). Suppose 5*l - 14 = -s. Is ((-1791)/(-18))/(1/l) composite?
False
Let l = -66773 + 96402. Is l composite?
False
Let b(s) = -s**3 + 6*s**2 + 5*s - 1. Let g be b(6). Let l be 2*134/(-4)*-1. Suppose -o + g = 3*n, 7*n - l = 2*n + 3*o. Is n composite?
False
Let c(j) = -3*j + 4*j + 36 + j**2 - 31 + 18*j**3. Is c(6) a composite number?
True
Let a(g) = -2*g**3 + 24*g**2 - 8*g - 1. Is a(10) composite?
True
Is 24/3 - -43*127 a prime number?
False
Let k(t) = 123*t - 11. Let x be (-12)/(0 + -3) - -2. Let d = -2 + x. Is k(d) a composite number?
True
Let x(j) be the third derivative of -j**6/720 + 5*j**5/24 + 5*j**4/24 + j**2. Let c(k) be the second derivative of x(k). Is c(0) a composite number?
True
Suppose 2*h + h + 2128 = -2*n, -4*h = 5*n + 2849. Let z = 63 - h. Is z prime?
True
Let a(v) = 480*v**2 + v - 7. Is a(2) a composite number?
True
Let o be (-4)/8*-2138 + -2. Let k = -568 + o. Is (-12)/42 + k/7 prime?
True
Let q(d) be the first derivative of d**5/60 - 5*d**4/24 + 4*d**3/3 - 2*d**2 + 2. Let t(r) be the second derivative of q(r). Is t(6) a prime number?
False
Let m = 31 - 29. Suppose 0 = c - m*c + 1985. Is c prime?
False
Let s(r) = 18*r**2 + 4*r + 17. Is s(5) composite?
False
Suppose 23775 = -6*j + 98121. Is j prime?
True
Let c = 497 + -297. Let m = c + -85. Suppose 8*n = 3*n + m. Is n prime?
True
Let j = 15381 - 5132. Is j composite?
True
Supp